er?
False
Let j(y) be the second derivative of 2*y**4/3 - y**3/6 - y**2/2 - 3*y. Let l(h) be the first derivative of j(h). Is l(5) composite?
False
Let o = 9 - 30. Let d = o - -40. Is d composite?
False
Let v(a) = -a**3 + 8*a**2 + a - 1. Let x be v(5). Suppose -z - x = -2*z. Is z composite?
False
Let a(u) be the third derivative of -u**6/60 + u**5/12 - 5*u**4/24 + 3*u**3/2 - 4*u**2. Is a(-5) a composite number?
False
Let p be (1 - -9)*9/2. Suppose 0 = 2*o + h - p, -33 = -o + 2*h - 6*h. Is o composite?
True
Let z be -1*6*(-2)/4. Suppose -17 - z = -5*h. Is h a prime number?
False
Let c = -3 + 7. Suppose c*a + 11 = -b, -12 = 5*a + 3*b + 7. Is 2 - 30*5/a composite?
True
Let h(k) = 49*k**2 - 3*k. Let b be h(2). Let j = -135 + b. Is j composite?
True
Suppose 4*k = 2*k + 710. Is k a prime number?
False
Let x be (-8)/(-4) + -7 + 2. Let q = x - -3. Suppose -2*g + 3*r + 96 = q, r = 3*g + 2*r - 155. Is g composite?
True
Suppose 193 = 3*w - 2*c - 532, -3*w + 5*c = -719. Suppose w = -5*o - 142. Let d = -28 - o. Is d prime?
False
Suppose 0*z - 16 = 4*z. Let s = 26 + z. Is s composite?
True
Let o(x) = -188*x - 53. Is o(-4) a composite number?
True
Let u be 28/8*4/7. Is (-2*u - -3)*-259 a composite number?
True
Let o be (4/(-4))/(2/18). Let k = 16 + o. Suppose -11*r = -k*r - 56. Is r prime?
False
Suppose g + 35 = 6*g. Let t = g - -12. Is t composite?
False
Let q(m) = m**3 - 13*m**2 - 21*m - 6. Is q(15) prime?
False
Suppose -6 - 3 = -3*s. Suppose 7*q = 6*q - s. Let j(p) = 6*p**2 - 2*p - 1. Is j(q) composite?
False
Let w = 2 - 3. Is 1/(-2)*w*42 prime?
False
Suppose 5*m - 513 = -3*k, 2*m + 7*k - 190 = 2*k. Suppose -4*p - p + 3*w + 10 = 0, -20 = -4*w. Suppose -2*i = -p*i + m. Is i a prime number?
False
Let j(c) = -41*c - 4. Let u(d) = 42*d + 3. Let f(x) = -4*j(x) - 5*u(x). Let w(z) = -z + 3. Let r be w(4). Is f(r) composite?
False
Suppose 12 = 5*o + 3*p, -3*o + 3*p + 9 = -3. Let m(t) = 21*t**2 + 2*t - 4. Is m(o) prime?
True
Suppose -2*p + 514 = -g, -4*p + 1028 = g - 2*g. Is p a composite number?
False
Let b(g) be the first derivative of -381*g**2/2 + g + 9. Is b(-1) a prime number?
False
Is 3 + -2 - (-738)/3 prime?
False
Suppose 13*k = 46671 + 5420. Is k prime?
True
Let t = -232 - -443. Is t a composite number?
False
Is (-4)/(-10) + (-12)/(-20) + 906 prime?
True
Let s(y) = -y**2 - 9*y + 2. Let z be s(-7). Suppose p + 3*a = 26, 0*p = -p - a + z. Is (-1 + 2)*(-1 + p) prime?
False
Let z = 33 + -48. Let s = z - -106. Is s prime?
False
Let n = -4 + 3. Let c be 4 + (0 - 1) + n. Suppose 5*d = 3*m + 23, -m = c*d - 2 - 5. Is d a composite number?
True
Suppose 3*y + 175 = 5*x, y = 5*x - 3*x - 70. Suppose f + 3*b - 10 = 0, 0 = 3*f - 3*b + 7*b - x. Is f a prime number?
True
Let j(y) = 494*y**2 + 4*y - 5. Is j(1) a prime number?
False
Suppose w + w - 8 = 0. Let s(f) = 10*f - 5. Is s(w) prime?
False
Is (0 + 26)*1/2 prime?
True
Suppose 4*k - 3*k + 2*w = 1879, 4*w = -k + 1869. Is k composite?
False
Let d = -9 - -7. Is d/8 + (-538)/(-8) composite?
False
Let b(g) = 399*g - 4. Is b(3) prime?
True
Let u(p) = -1342*p - 5. Is u(-1) prime?
False
Suppose -3*t = -4*h - 175, 0*t - 3*t = 2*h - 151. Is t composite?
False
Is ((-276)/18)/(1/(-3)) a prime number?
False
Suppose -2*c + 251 = -c. Is c composite?
False
Let j(f) = -766*f**3 + f**2 + f. Is j(-1) composite?
True
Suppose -2*s + 5*s = 6. Suppose -39 = 3*l + s*x - 190, -5*l + 2*x + 241 = 0. Is l a composite number?
True
Let x(d) = 3*d**2 + 13*d - 11. Is x(-10) a composite number?
True
Let p(l) = l**3 - 7*l**2 - 8*l. Let z be p(8). Suppose z = u - 7 - 12. Is u a composite number?
False
Suppose 11 = -4*m - 1. Is ((-22)/(-4))/(m/(-318)) a composite number?
True
Let q = 10 + -56. Let r = 9 - q. Is r a composite number?
True
Suppose 2*o + 299 = t - o, 949 = 3*t + 4*o. Is t a prime number?
True
Suppose 5*q = 3*q + 5866. Is q composite?
True
Suppose 0 = -i - q - 72, -2*i + 3*q = 103 + 21. Let h = i - -17. Let y = h - -136. Is y prime?
False
Suppose 5*z - 30 = -5*a, a - 25 = -4*a. Let l be (0 + z + -1)/1. Suppose 0*t + 4*t - 197 = y, 4*y + 4 = l. Is t a prime number?
False
Let o be 1/(-1*(-3)/9). Suppose 2*m + z - 108 = -0*z, 169 = o*m + 5*z. Is m a composite number?
False
Suppose -3*r = -4*r. Suppose 3*w - i - 2 + 5 = r, 0 = w - 4*i - 10. Is (-2)/w + 2*10 composite?
True
Suppose -4*p + 12 = -4*v, -v - 2 = -4*p + 16. Suppose -w = -p*w + 364. Is w a composite number?
True
Let z be 3/6*40/1. Let a be 45/z - 1/4. Suppose 3*d + 34 = w, a*w + 18 - 75 = -5*d. Is w prime?
True
Let u(i) = 2*i**2 - 7*i - 3. Let l be u(-5). Suppose h + l + 101 = 5*b, 4*b = 2*h + 144. Is b composite?
False
Suppose -3*x = -4*v + 34, 0*x + 20 = -2*x + 2*v. Let r(a) = -2*a - 8. Let i be r(x). Suppose 0*u = -i*u + 136. Is u prime?
False
Let n = -3 - -3. Suppose n = -2*b + 5*b - 3. Is b/(-3) - (-46)/3 composite?
True
Suppose -z = -70 - 79. Is z a prime number?
True
Suppose 2*o = -5*u + 23, -3*o = -16 + 4. Suppose -u*d + 28 = -38. Is d a prime number?
False
Is 211/(2 + (-2)/2) a composite number?
False
Let c(z) = -2*z - 6. Let n be (-2)/(2/8*2). Let m be c(n). Is 57/m*6/9 prime?
True
Let v = -1 + 4. Suppose -v*f + 4*f = 113. Is f a composite number?
False
Suppose 4083 = 3*c + 2*n, 2*c - 3*c + 4*n + 1361 = 0. Is c prime?
True
Suppose 10*v = 15*v - 8465. Is v a composite number?
False
Let o(i) = 11. Let a(z) = -z - 1. Let u(m) = -5*a(m) - o(m). Suppose 0 = 5*k + 4*w - 28, 4*w + 4 = 3*k - 0. Is u(k) composite?
True
Let v be 6*(8/2)/(-12). Is (16/(-8))/(v/191) a prime number?
True
Let u = -233 + 444. Is u prime?
True
Suppose 4*q - 3*b = 1790, -3*q + b + 1340 = -0*b. Is q a composite number?
True
Let h be 2/(-5) + (-198)/(-45). Suppose -3*o = 2*o. Suppose -h*c + 5*c - 74 = o. Is c composite?
True
Let d(m) = 8*m**2 + 3*m + 2. Is d(15) a prime number?
True
Suppose 5*t = 3*b + 12, 0*t + b = 2*t - 4. Suppose c - 3 = -t*c. Let m = c + 3. Is m a composite number?
True
Let q be 1 + (1 - -82 - -3). Suppose 4*l = 3*l + q. Is l a composite number?
True
Let h be 3/(-12) + (-2655)/(-12). Let q = h - 147. Is q prime?
False
Suppose 3*t - 110 = -r, 5*t + 0*r = -3*r + 182. Suppose 2*a - 3*s = -t, -s - s + 76 = -5*a. Is (a/(-8))/((-2)/(-16)) prime?
False
Let u = 38 - 19. Let p = 40 - u. Is 6/21 - (-1023)/p composite?
True
Let o(f) = f**2 + 12*f + 7. Let b be o(-11). Is (-2290)/(-110) - b/22 a composite number?
True
Suppose -k + 192 = k. Suppose 3*n + 3 = k. Is n a composite number?
False
Let b = 12 + -12. Let y(j) = -j**2 + j + 191. Is y(b) composite?
False
Let c(u) = 4*u. Let s(k) = -k. Let y(b) = -3*c(b) - 15*s(b). Let n be y(1). Is 22*(-1 + n)/4 a prime number?
True
Suppose u = 2*g - 5999, -16*u + 12*u = -2*g + 6002. Is g prime?
True
Suppose 0 = q + 4*q + 10. Let d = 51 - q. Is d prime?
True
Let a = -3034 + 1763. Let g = a + 1806. Is g a prime number?
False
Let v = 4 - -1. Let z = 47 + v. Let h = z + -13. Is h a prime number?
False
Suppose -2*o = 4*y - y - 1, -5*y - o = -11. Suppose -h - a - 128 = -5*h, 64 = 2*h - y*a. Suppose -5 - h = -s. Is s composite?
False
Suppose -4*i = -482 - 26. Is i a prime number?
True
Suppose 4 = 2*m - 6. Let q(r) = r**2 - 6*r + 7. Let w be q(m). Suppose -265 = w*k - 7*k. Is k composite?
False
Let o = 11 - 5. Is (1/2)/(o/2388) a composite number?
False
Let o(f) be the second derivative of f**4/3 - f**3 - 3*f**2/2 + 3*f. Suppose -2*u = 3*u - 25. Is o(u) a composite number?
False
Suppose -6*w - 64 = -2*w. Let r = w - -83. Is r composite?
False
Suppose -2*k + 2*m = -4, 4*k = -5*m + 35 - 0. Suppose k*f - 399 + 144 = 0. Is f a prime number?
False
Let h(a) = a + 1. Let b(f) = -3*f - 8. Let l(c) = -b(c) - 2*h(c). Let q be l(-8). Is q/8 + 2223/12 composite?
True
Is 5 - (-3 - -8) - -1259 prime?
True
Suppose -2*n + 3*c = -4, 0*n + c - 4 = -2*n. Suppose -x + 3 - n = 0. Let s(w) = 34*w**2 - 1. Is s(x) prime?
False
Let u(j) = 3*j - 6. Let s be u(-7). Let z be (-3)/(0 - (-3)/s). Let w = z + -12. Is w a composite number?
True
Let j(n) = -158*n**3 - n**2 - n - 3. Is j(-2) a prime number?
True
Let g(z) = -51*z**2 + 2*z + 1. Let b = 0 + -1. Let m be g(b). Let r = m - -73. Is r composite?
True
Let b = -13 + 9. Let p(w) = -5*w - 6. Is p(b) a composite number?
True
Let i = -231 - -95. Let c = -49 - 22. Let b = c - i. Is b prime?
False
Let w be (-2)/12 + 206/12. Let a = w - -2. Is a a 